ose c - 2 - h = 0. Calculate the remainder when 21 is divided by c.
3
Suppose -t + 2 = t, 0 = -5*u - 2*t + 42. What is the remainder when 22 is divided by u?
6
Suppose -3*q - 3*z = 2*q + 30, -3 = -4*q + 3*z. Let k(s) be the first derivative of 2*s**3 - s**2/2 - 6*s + 3. What is the remainder when k(q) is divided by 18?
15
Let f(v) = 4 + 2*v - 11*v**2 + v**3 + 3 + 6. Let a be f(11). Calculate the remainder when a - 3 - 2/(-2) is divided by 9.
6
Let t(c) = c - 9. Let r be t(9). Suppose r*b + 24 = 3*b. What is the remainder when 37 is divided by b?
5
Let u(i) = i**3 - 29*i**2 + 61*i - 142. What is the remainder when u(27) is divided by (2/(-4))/((-1)/10)?
2
What is the remainder when 73 is divided by (-2)/(-8) + 1845/60?
11
Let n(b) = -5*b**2 - 4*b - 1. Let o(m) = -6*m - 1 + m + 6*m. Let w(i) = -n(i) + o(i). Calculate the remainder when 18 is divided by w(-2).
8
What is the remainder when 126 is divided by (-4)/(-14) + (-1600)/(-35)?
34
Suppose -7*f = -182 - 154. What is the remainder when 75 is divided by f?
27
Suppose w = -w + 134. Suppose 0 = -2*x + 4*p + 52, -3*x - 7*p = -6*p - 106. Calculate the remainder when w is divided by x.
33
Let o be -11*(-5 - -1) + -3. Let m = -18 - -11. Let y = o + m. Calculate the remainder when y is divided by 9.
7
Let r(t) = -t**3 + 9*t**2 - 8*t + 5. Let d be r(8). Suppose 0 = -u - 2 + d. What is the remainder when 10 is divided by u?
1
Suppose 0 = z + 2*n - 157, 29*z + n = 30*z - 163. What is the remainder when z is divided by 76?
9
Suppose -3*x + 2*q + 5 + 13 = 0, -12 = -2*x + 5*q. Calculate the remainder when 23 is divided by x.
5
Let v be (-1 - (0 - -3)) + 8. Suppose v*i - 67 = h, 3*i - 4*h - 44 = -2*h. What is the remainder when 71 is divided by i?
17
Calculate the remainder when 3550 is divided by (-8)/(-10) - 10360/(-925).
10
Suppose 6*f - 115 - 47 = 0. Calculate the remainder when 104 is divided by f.
23
Suppose 0 = -834*i + 836*i - 296. What is the remainder when i is divided by 33?
16
Suppose 336 = 4*k - 1056. Suppose 12*u = -0*u + k. Suppose -125 + 690 = 5*i. Calculate the remainder when i is divided by u.
26
Let i = 1465 + -1205. Calculate the remainder when i is divided by 33.
29
Let a(z) = -9*z - 2*z + 2*z - 34 + z**2. Calculate the remainder when a(17) is divided by 26.
24
Let p(z) = -z**3 - 4*z**2 - z + 3. Let d be p(-3). Let i(v) = -v - 4. Let t be i(d). Let q(k) = -13*k**3. What is the remainder when 62 is divided by q(t)?
10
Suppose u + 23 = 2*u. Let b be 1120/18 - 24/108. Let d = b - 55. What is the remainder when u is divided by d?
2
Suppose -116 = -2*p - 5*s - 34, -5*p + 170 = -5*s. What is the remainder when p is divided by (11 - -9) + (-2 - -2)?
16
Let t(f) = 20*f + 1. Let o be t(-2). Let y = 100 + o. Calculate the remainder when y is divided by 13.
9
Let d = 20 - 2. Let j(b) be the second derivative of b**5/20 + 5*b**4/6 + b**3 - 5*b**2 + 4*b. Calculate the remainder when j(-8) is divided by d.
16
Let t = -12 + 232. What is the remainder when t is divided by 28?
24
Suppose f - 4*r + 8*r = 120, -3*f + 2*r = -290. Suppose f = 2*m + 30. What is the remainder when m is divided by 8?
3
Let k be ((-42)/(-7))/(6/4). Suppose q + 1 - 25 = r, -4*q - k*r = -72. Calculate the remainder when 38 is divided by q.
17
Suppose 3*g - 4*t = 2*g + 14, -20 = -4*g + 4*t. Suppose -g*l - 33 = -a - 3*l, -5*a + 147 = -l. What is the remainder when a is divided by 16?
14
Suppose -23 = -3*z - 2*p, 5*z - 8*p = -4*p + 31. Calculate the remainder when 13 is divided by z.
6
Suppose -12*b = -b - 682. Suppose -r + 0*r = -3. Suppose r*c - 16 = 2*c. Calculate the remainder when b is divided by c.
14
Let k(f) = -72*f + 240. Calculate the remainder when 73 is divided by k(3).
1
Suppose 0 = 2*b, -5*x + 8*x + 3*b = 123. Suppose 46*p - x*p = 135. What is the remainder when p is divided by 18?
9
Let p be (-3 - -7)*3/(-12). Let f(n) = 9*n**2 - 3*n - 4. What is the remainder when 111 is divided by f(p)?
7
Let j(d) = 18*d - 105. Suppose -3*a - 3*t = -0*t - 33, 56 = 4*a + t. What is the remainder when j(9) is divided by a?
12
Let u(w) = 32*w**3 - 3*w**2 + 7*w - 1. What is the remainder when u(3) is divided by 22?
21
Suppose -3*f = q - 30, 5*f - 40 = -5*q - 0*q. Calculate the remainder when 20 is divided by f.
9
Suppose -n + c + 25 = 0, 4*c = -3*n - 0*c + 75. Calculate the remainder when (n + 53)*1/1 is divided by 21.
15
Suppose 2*q + 2*q = 3*f - 27, 2*q + 21 = 3*f. What is the remainder when q*3/((-18)/28) is divided by ((-3)/(-5))/((-4)/(-40))?
2
Suppose -4*g + 15 = -5*g. Calculate the remainder when 13 is divided by (g/(-9) + 1)*(1 + 2).
5
Let v(c) = -c**2 - 4*c + 11. Let y be v(-4). Suppose -y = -4*m + z + 148, 2*m = 5*z + 93. Suppose 3*d - 21 = m. Calculate the remainder when 38 is divided by d.
18
Suppose -3*k + 1 + 8 = 0. Suppose 0 = -q - k, 102 = -j + 3*j + 2*q. Calculate the remainder when j is divided by 14.
12
Calculate the remainder when ((-52)/8)/(-13) - (-603)/6 is divided by 53.
48
Suppose 0 = -3*w - 0*q - 2*q + 22, 0 = -5*w - 4*q + 36. Suppose w*d - 10*d + 16 = 0. What is the remainder when 23 is divided by d?
7
Let u(o) = 2*o**3 - 18*o**2 - 20*o + 16. Calculate the remainder when u(10) is divided by 5.
1
Suppose -4*s = -4*a + 28, 3*a + 0*s - 27 = 5*s. Suppose -34 = -y + 5*o, 0 = a*y - 0*y + 4*o - 136. What is the remainder when 98 is divided by y?
30
Suppose 11*t - 4720 - 1077 = 0. What is the remainder when t is divided by 12?
11
Let w = 616 + -584. Calculate the remainder when 93 is divided by w.
29
Let k(t) be the first derivative of -t**2/2 + 15*t - 5. What is the remainder when 22 is divided by k(7)?
6
Let b(l) = -l**3 - 13*l**2 - 12*l + 17. Let c = 10 + -10. What is the remainder when b(-12) is divided by c - -13 - (-2 - -5)?
7
Let y(u) = u**2 + 3*u + 1. Suppose 15*r + 3*r = 0. Suppose r = s, 5*s - 1 + 12 = t. Calculate the remainder when t is divided by y(-4).
1
Let q be (-14)/(-21) - (-22)/(-6). Let o be (0 + -1)*39/q. Suppose 0 = 4*y - 79 - o. Calculate the remainder when 90 is divided by y.
21
Let a = 37 + -22. Suppose a*d - 378 = d. Calculate the remainder when d is divided by 11.
5
Let n = -9 - -13. Suppose 9 = n*a + 1. Suppose 3 = -h + 10. Calculate the remainder when h is divided by a.
1
Suppose 3*z - 2*a = 114, 4*z - 5*a - 131 = 21. Let m = z + 7. Let t = m - 20. What is the remainder when 72 is divided by t?
22
Let q(z) = 0 + 1 - 3 - 4*z**2 + 3 - z - z**3. Let a be q(-4). Suppose n - 123 = -3*p, -a*n = -4*p + 8*p - 175. What is the remainder when p is divided by 14?
12
Let f(b) = 8*b + 19. Let d be f(-2). Suppose 0 = -d*q - q + 76. What is the remainder when 54 is divided by q?
16
Suppose -5*t - 2*u - 27 + 7 = 0, -4 = t + 5*u. Let d = -15 - -40. Let r = d + t. What is the remainder when 59 is divided by r?
17
Suppose 75 = 2*w + 3*w. Let m = 340 - 336. What is the remainder when w is divided by m?
3
Let u(b) = -6*b - 45. What is the remainder when 201 is divided by u(-16)?
48
Let b = -2 + 3. Let y = 26 - 3. Calculate the remainder when y is divided by 10 + 0 + 1 + b.
11
Suppose 7*q - 4*q - 105 = 0. Let g be 146/(-8) - 2/(-8). Calculate the remainder when q is divided by (0 - -3)*g/(-6).
8
Let h(a) = -73*a. Let u be h(-5). Suppose 3*q = -2*q + u. Suppose 4*g = 209 - q. Calculate the remainder when g is divided by 12.
10
Let v(r) = -275*r - 40. Calculate the remainder when v(-2) is divided by 32.
30
Suppose -l - 7*d + 14 = -2*d, -5*d - 56 = -4*l. Calculate the remainder when 207 is divided by l.
11
Let h = -1460 - -1468. Let g(l) = 2*l + 3. Suppose -5*m - 7 = -4*a - 2*m, -3*m + 9 = 0. What is the remainder when g(a) is divided by h?
3
Suppose -3*g = -7*g + 20. Suppose 1 = g*t - 14. Suppose -51 = -t*h - 5*r, 3 = r - 0. What is the remainder when 47 is divided by h?
11
Let a = 122 - 69. Let m(w) = 10*w - 39. Let d(z) = 20*z - 79. Let b(c) = 3*d(c) - 5*m(c). Calculate the remainder when a is divided by b(6).
17
Let n = 17 + -3. Suppose -3*x + n = 2. Suppose 56 = -3*a + 98. Calculate the remainder when a is divided by x.
2
Suppose 0 = -7*k + 138 - 12. What is the remainder when 213 is divided by k?
15
What is the remainder when (-80)/(-25)*2*5 is divided by 15?
2
Suppose 0 = 3*m - 3*n - 60, n + 5 = -m - 3*n. Let l(q) = 5*q - 25 + 2*q - 4*q - q. Calculate the remainder when 8 is divided by l(m).
3
Let u = 